(-3)/18. Suppose 2*j - j - 3 = s, -q - 5*j + 19 = 0. Let b(l) = -l**2 + 6*l - 2. List the prime factors of b(q).
2, 3
Suppose -x + 6 = -12. List the prime factors of x.
2, 3
Let i be ((-2)/(-6))/(1/6). Suppose -2*k + 30 = p - 0*p, i*k + 5*p - 46 = 0. Suppose -k - 23 = -4*z. List the prime factors of z.
3
Let l(s) = -s**3 + 10*s**2 + 8*s - 12. List the prime factors of l(8).
2, 3, 5
Let i(g) = 60*g - 50. What are the prime factors of i(6)?
2, 5, 31
What are the prime factors of (30/(-25) - -1)*-95?
19
Let r be 2/(2 - 6/4). Let q be (5/((-1)/1))/(-1). Suppose -q - r = -3*y. What are the prime factors of y?
3
Let c = 2 - -13. Suppose -5*o = -r - 4*r + c, 5*o = -4*r + 3. Suppose 2*z = -r*z + 16. List the prime factors of z.
2
Let b be ((-48)/(-30))/(2/15). Let i = -5 + b. List the prime factors of i.
7
Suppose -10 = b - 6*b, 3*t + 2*b - 25 = 0. What are the prime factors of t?
7
Let i = -14 + 26. List the prime factors of i.
2, 3
Let d be (-152)/(-32) - (-6)/(-8). Suppose 92 = d*m + m - 4*u, 0 = -3*m - 3*u + 39. List the prime factors of m.
2
Let h = 92 + -29. What are the prime factors of h?
3, 7
Let g(q) = -q**3 - 3*q**2 + 2. Let u be g(-3). Let i(j) = 6*j**3 - j**2 + 2*j - 2. What are the prime factors of i(u)?
2, 23
Let d(q) = -q**3 - 10*q**2 + 1. Suppose -5*i - 2*r = 42, -4*i + 0*r - 60 = -5*r. Let u be d(i). Let s = 9 - u. List the prime factors of s.
2
Let a = 20 - -8. What are the prime factors of a?
2, 7
Let a be 5/(-30) - (-74)/12. Let z = a + 5. What are the prime factors of z?
11
Suppose 0 = -r - 0 + 160. List the prime factors of r.
2, 5
Suppose -1 = -t - 4. Let g = t - -6. What are the prime factors of g?
3
Let z(d) = 5*d + 5. Let s(o) = -6*o - 4. Let x(g) = 4*s(g) + 5*z(g). Let l be x(-9). Suppose l = r + r - 34. What are the prime factors of r?
17
Let x(n) be the third derivative of -n**6/60 - n**5/20 - 5*n**4/24 - 2*n**3/3 - 3*n**2. List the prime factors of x(-3).
2, 19
Let q(g) = 0 + 0 - g. List the prime factors of q(-6).
2, 3
Let d = 14 - -21. Suppose 7*l - 6*l = d. List the prime factors of l.
5, 7
Suppose -5*z + 1485 = -5*q, 3*q = -2*z + 2*q + 588. What are the prime factors of z?
5, 59
Let x = -2 - -2. Let t(u) = u**2 - 3*u - 9. Let f be t(5). Suppose 0 = 4*l + 4*d - 32, x = -2*d + f + 3. List the prime factors of l.
2, 3
Let g(h) = h**3 - 12*h**2 - 13*h + 6. Let b be g(13). Suppose -b*f = -390 + 54. What are the prime factors of f?
2, 7
Let n(o) = o**3 + 5*o**2 - 1. Let y be n(-4). Let j = 11 - y. Let r = j - -7. What are the prime factors of r?
3
Let s(x) = 51*x**2 - x. Let u be s(-1). What are the prime factors of u*(-12)/(-16)*1?
3, 13
Let q(s) be the first derivative of -s**3/3 - 4*s**2 + 11*s - 4. List the prime factors of q(-6).
23
Suppose 3*v + 0*g + g = 315, 5*v - 511 = 3*g. List the prime factors of v.
2, 13
Suppose 0 = 2*t + 5*t - 714. What are the prime factors of t?
2, 3, 17
Let a(x) = 11*x - 1. List the prime factors of a(5).
2, 3
Let s(p) = p**2 + p + 7. Let o = -14 + 10. List the prime factors of s(o).
19
What are the prime factors of (-3)/9 - (-687)/9?
2, 19
Let o(a) = -a**3 - 6*a**2 - 2*a + 5. What are the prime factors of o(-6)?
17
Suppose 50 = -3*j + 4*j. Suppose -6*y + j = -2*y - 2*q, -5*q - 27 = -3*y. What are the prime factors of y?
2, 7
Suppose -3*s - 23 = -2*q, 1 = -4*q - s + 26. Suppose q*p - 2*p = -5*c, 4*c = 2*p - 12. Suppose p*b - 5*b = -21. What are the prime factors of b?
7
Suppose 2*s - 376 = -5*z + 9*z, 200 = s + 2*z. List the prime factors of s.
2, 97
Suppose -4*l + g = -12, 2*l + 4*g = -l - 10. Suppose 3*u + 27 + 16 = -l*p, -3*u = 15. Let h = 25 + p. List the prime factors of h.
11
Let u = 78 + -10. List the prime factors of u.
2, 17
Suppose -5*l = -3*l - 10. Suppose 0 = f + 2*g + 5, -l*g - 22 - 3 = 0. List the prime factors of f.
5
Suppose 4*w = 15 + 21. Suppose -5*l - 20 = -w*l. List the prime factors of l.
5
Let z(y) = -7*y - 3. Let t be z(2). Let m(g) = g**2 + 13*g - 16. List the prime factors of m(t).
2, 13
Let v(o) = o**3 + 3 + 0 + 6*o**2 - 2 + 6*o. Let f be v(-4). Suppose -7 = -4*h + f. What are the prime factors of h?
2
Let d(p) = 2*p**3 - 5*p**2 - 4. Let b be d(5). Suppose -36 = 5*h - b. What are the prime factors of h?
17
Let k(v) be the second derivative of 4*v**3 - v**2/2 - v. List the prime factors of k(1).
23
What are the prime factors of (1/3)/((-1)/(-45))?
3, 5
Suppose -x = -44 - 10. List the prime factors of x.
2, 3
Let p(q) = 3*q**2 + 35. Let l(w) = w**2 + 12. Let v(s) = -17*l(s) + 6*p(s). Let u be v(5). Suppose 0 = -5*j + u - 6. What are the prime factors of j?
5
Let y be 120/(-32)*4*-1. Suppose 0 = 3*b + y - 48. List the prime factors of b.
11
Let d = -9 - -15. Suppose -d*z + z + 20 = 0. List the prime factors of z.
2
Let b(a) = 2*a + 1. Let o be b(1). Suppose o*w - 21 = -n, -5*w + 3*n + 28 = -w. List the prime factors of w.
7
Let c(n) = 8*n - 4. What are the prime factors of c(5)?
2, 3
Let y(x) = -7*x - 2. List the prime factors of y(-3).
19
Let r = -48 - -103. What are the prime factors of r?
5, 11
Let r be (-1)/(3/(-93)*1). Suppose -4*o + 1 = 4*y - 3, -r = -y + 5*o. What are the prime factors of y?
2, 3
Let v = 83 - 20. List the prime factors of v.
3, 7
Let r(b) = b**2 + 6*b. Let q be r(-6). Suppose -5*o + 10 = -q*o. Suppose o*k - 12 = -k. What are the prime factors of k?
2
Let f be ((-45)/10)/((-1)/2). Let k = f + -6. List the prime factors of k.
3
Let c = -5 - -26. List the prime factors of c.
3, 7
Suppose g + 4*w + 14 = 0, 2*w = -3*w - 20. Suppose g*z - 42 = -z. What are the prime factors of z?
2, 7
Let f = 11 - 23. Let z be (f/3)/(2/(-3)). List the prime factors of ((-14)/z)/((-2)/6).
7
Let z = 44 - 31. What are the prime factors of z?
13
Suppose 0*l + 5*l = -25. Let o be 7/(3/((-9)/3)). Let v = l - o. List the prime factors of v.
2
Suppose 0 = -g + 2*m + 43, -5*g + 243 - 41 = 3*m. List the prime factors of g.
41
List the prime factors of 103/((-14)/35 - (-14)/10).
103
Let s be 19/5 + 1/5. Suppose 4*o - 56 = -s*m, 3*o = -m + 4*o + 10. List the prime factors of m.
2, 3
Let k = 279 - 174. What are the prime factors of k?
3, 5, 7
Let j(m) be the first derivative of 1 - 1/3*m**3 - 3*m**2 + 7*m. List the prime factors of j(-6).
7
Let p(a) = 1 + 3*a - a - 8*a - 2*a**3 + 14*a**2. List the prime factors of p(6).
37
Let w(o) = o**2 - 3 + 0*o**2 - 1 - 1. What are the prime factors of w(5)?
2, 5
Let z(o) = 3*o**2 - o - 7. List the prime factors of z(4).
37
Suppose -2*g - 2*g - 2*q = -60, 2*g + 2*q = 28. What are the prime factors of g?
2
List the prime factors of (114/18)/((-3)/(-9)).
19
Suppose 3*m + 9 = 2*z + 2*m, 6 = z - m. Suppose -f = z - 4. Suppose -5*u + 41 = f. List the prime factors of u.
2
Suppose 5*m - 3*m = 0, 3*m = -3*v. Suppose 4*s + 4 = i, v = 3*s - 3*i - i + 3. List the prime factors of (-5)/s*8/5.
2
Let t(k) = -4*k**3 - 6*k**2 - 2*k. Let l(b) = 5*b**3 + 7*b**2 + b - 1. Let p = 6 - 3. Let u(y) = p*t(y) + 2*l(y). What are the prime factors of u(-2)?
2, 3
Let x = -9 + 7. Let s = 16 + x. List the prime factors of s.
2, 7
Suppose -7*l + 3*l = 0. Let b(n) = 11 + 4 - n - n**2 - 1 - n**3. List the prime factors of b(l).
2, 7
Suppose -j - 1015 = -8*j. What are the prime factors of j?
5, 29
Suppose -r - 24 = -d - 5, 5*r = -10. What are the prime factors of d?
17
Let a = 22 + -15. Let i = 4 - -17. What are the prime factors of 246/i - (-2)/a?
2, 3
What are the prime factors of (77/3)/((-11)/(-33))?
7, 11
Suppose 5*h - 11 = 4. Suppose -28 = -h*y + 2*y. Suppose -2 = -3*k + y. What are the prime factors of k?
2, 5
Let l = -16 - -15. List the prime factors of l + 19 - 1/(-1).
19
Suppose 7*d - 33 = 4*d. What are the prime factors of d?
11
Suppose 4*f = h + 25, -4*f + 22 = 2*h - 0*h. Let a = f - -7. What are the prime factors of a?
13
Let p(d) = 4*d**2 - 21*d - 12. What are the prime factors of p(9)?
3, 41
Let w = -9 + 9. Suppose 2*z - 24 = 2*h, w = h - 2*h - 5. What are the prime factors of z?
7
Let k = 19 - 5. What are the prime factors of k?
2, 7
Suppose -5*c = -10*c - 30. List the prime factors of ((-4)/c)/(4/126).
3, 7
Let z(h) = -56*h + 20. What are the prime factors of z(-2)?
2, 3, 11
Let s(j) = -2*j + 11. Let o(i) = -9*i + 56. Let a(t) = 2*o(t) - 11*s(t). What are the prime factors of a(6)?
3, 5
Suppose -4*s = -s. Suppose 3*r + s*r + 5*c - 2 = 0, 0 = 3*r - 2*c 